 3*d, -3*d + 4*d = -2*b - 5. List the prime factors of 1/(3/b) + 13.
2, 3
Suppose -z - 4 = -4*m, -4*m + 5*z + 12 = 2*z. Suppose m = 2*h + 2 - 16. Let o = h + -2. List the prime factors of o.
5
Let s(y) = 2*y + 1 + 3*y**2 + 2 - 2. Let b be s(-1). Suppose -2*g + 6 = 5*z, 4*g + 4*z - 8 = b*g. What are the prime factors of g?
2
Suppose 0*a = 3*a - 6. Suppose -z + 4*j + 143 = a*z, -55 = -z + 5*j. What are the prime factors of z?
3, 5
Let k be 99/15 - 4/(-10). Let c = 45 + -42. Let o = k - c. What are the prime factors of o?
2
Suppose 5*n = 2*h + 46, -8*n + 3*n + 58 = 4*h. List the prime factors of n.
2, 5
Let g be 24/(-9)*(-9)/6. Let y = 17 + -17. Suppose y = 4*x - 0*x - f - 74, g*f = -8. List the prime factors of x.
2, 3
Suppose -5*i = -9 - 1. List the prime factors of (2/(-2))/(i/(-24)).
2, 3
Let o be 9/3 + -8 + 3. List the prime factors of (-23)/o - 2/4.
11
Let u(t) = 9*t + 68. What are the prime factors of u(13)?
5, 37
Let b(r) be the third derivative of -r**4/3 - r**3/3 + 3*r**2. List the prime factors of b(-3).
2, 11
Suppose -5 = -w - 0*w. Suppose -q - 3*k + 5 = 0, 3*q + 3*k - 18 = -3. Suppose c = w*c + 4*p - 24, 3*p = q*c - 22. What are the prime factors of c?
5
Suppose p + 4*p = 95. Let w = p - -7. List the prime factors of w.
2, 13
What are the prime factors of (-2)/(-3) - 409/(-3)?
137
Let y be (27 + 0)*(-3)/9. What are the prime factors of (-38)/3*y/6?
19
Suppose -29 = i - 4*n - n, -5*i + 3*n - 35 = 0. Let z = i + 23. What are the prime factors of z?
19
Let c(y) = -y**2 - y + 25. What are the prime factors of c(0)?
5
Let x = -20 - -36. List the prime factors of x.
2
Let z be 3/12 + (-19)/(-4). Let l(a) = -3 - z + 2 + 2*a. What are the prime factors of l(4)?
2
Let x(w) = 3*w + 21. Let t be x(-14). Let c = t - -47. List the prime factors of c.
2, 13
Suppose -18 = -2*m + m - 3*o, 2*o + 5 = 5*m. Suppose 0*w + 3*w + 2*v - 8 = 0, 1 = m*w - 5*v. What are the prime factors of w?
2
Suppose -4*c = -2*c - 4. Let b be c*(-1)/(2/7). Let d(a) = -a**3 - 7*a**2 + 4. What are the prime factors of d(b)?
2
Let k(o) be the first derivative of 3*o**2 + 3. Let m be k(2). Let v = m + 6. List the prime factors of v.
2, 3
List the prime factors of (2 - 0) + 0 + 111.
113
Let b(a) = a**3 - 17*a**2 - 2*a - 16. Let s be b(17). Suppose -75 = o - 2*o - p, 0 = 5*o + 2*p - 363. Let t = o + s. What are the prime factors of t?
3, 7
Suppose 126 = 4*b - 14. List the prime factors of b.
5, 7
Suppose b + 32 = 5*b. Suppose -3*r - 14 = -3*k - b*r, -r + 16 = 5*k. Let o(j) = 5*j - 2. List the prime factors of o(k).
13
Let s(r) = -r**2 + 10*r - 7. Let z = -6 + 14. What are the prime factors of s(z)?
3
Let n(o) = -o**2 - 4. Let h be n(0). Let u be ((-10)/h)/((-1)/(-2)). Suppose 0 = -4*s - 3*k - 3 - 1, 0 = -4*s - u*k - 12. List the prime factors of s.
2
Suppose -2*f = f + 45. Let u be 3*(-5)/(f/(-9)). List the prime factors of 4/3 - 6/u.
2
Let g be (-5)/(-5) + 0/2. What are the prime factors of ((-3)/2)/(g/(-8))?
2, 3
Let i = -17 + 57. List the prime factors of i.
2, 5
Let o(z) be the first derivative of 4*z**4 - z**3/3 - z**2/2 + z - 4. List the prime factors of o(1).
3, 5
Let p be (0/3)/(2 + -1). Let n be 49 + 0 + p + 1. Suppose 2*s + n = 7*s. List the prime factors of s.
2, 5
Let j = -18 + 33. List the prime factors of j.
3, 5
Suppose -4*t = 5*r - 37 + 137, -3*r = -4*t - 132. Let m = -13 - t. What are the prime factors of m?
17
Let b = 0 + 22. Suppose 0 = -3*k + 62 + b. What are the prime factors of k?
2, 7
Let x = 3 + 24. What are the prime factors of x?
3
Let r = 5 - -1. Let g = 10 - r. Suppose c - g*c + 24 = 0. List the prime factors of c.
2
Let a(n) = n**2 - 6*n - 7. Let z be a(7). Suppose 5*u - 2*x - 139 = z, -u + x - 4*x = -21. List the prime factors of u.
3
Let g(i) = i**3 + i**2 + i - 1. Let o be g(-2). Let u be (-2)/(3 - (-7)/(-2)). List the prime factors of (-82)/o - u/(-14).
2, 3
Let d = 10 + 24. List the prime factors of d.
2, 17
Suppose 30 - 2 = 2*w. What are the prime factors of w?
2, 7
Let d(w) = -2*w**2 + 3*w**2 - 9 - 10*w - 2*w**2 + 0*w**2. Suppose 0 = 2*o + 4*z + 12 + 6, 0 = 3*z + 3. What are the prime factors of d(o)?
2, 3
Suppose -d = -5*d + 16. Suppose 2*k - k = -d*i + 93, 5*i = 2*k + 113. What are the prime factors of i?
23
Let g = -18 + 46. Suppose 2*d = 4*d - g. List the prime factors of d.
2, 7
Suppose -5*u + 994 = 3*x, 0*x + 4*x = -3*u + 1340. What are the prime factors of x?
2, 13
Let w be 4 + (-1)/(2/4). Suppose 2*j = -v + 2, -w*v - 3*j + 12 = -7*j. List the prime factors of v.
2
Let k(x) = 20*x**2 - x. List the prime factors of k(1).
19
Let s be (9/3)/((-6)/4). Suppose 0 = 5*c + 2*w - 83, 5*w + 10 = 2*c - 0. Let k = s + c. List the prime factors of k.
13
Let i = -4 + 8. What are the prime factors of (8/i - 3) + 6?
5
Let b be (0 - 4) + 2 - -2. Suppose -3*g + 2*g = 1, 3*c + g - 11 = b. Suppose -q + 63 = 4*x - c*q, -x - 2*q + 2 = 0. List the prime factors of x.
2, 3
Let m be 1 + 3/(9/(-3)). Suppose m = -v - 4*v + 135. What are the prime factors of v?
3
Let t be ((-24)/7)/((-3)/(-21)). List the prime factors of (-21)/(-4)*t/(-9).
2, 7
Suppose -2*o + 45 = o. What are the prime factors of ((-6)/(-15))/(3/o)?
2
Let s(n) = 45*n - 1. List the prime factors of s(1).
2, 11
Let l be -5 + (-1 - -1 - -2). Let p be -5*3*1/l. Suppose 0 = 4*w - 4*c + 13 - 41, 0 = -p*w - 4*c + 17. List the prime factors of w.
5
Suppose 2*g - 2 = 184. List the prime factors of g.
3, 31
Suppose 2*v - v - 2*d = 47, -247 = -5*v + 4*d. List the prime factors of v.
3, 17
Suppose 2*v + 0 + 23 = -5*i, -i = v + 4. Let h(z) = z**2 + 4*z - 2. Let l be h(i). Suppose l*s = -s + x + 9, -2*s = 4*x. What are the prime factors of s?
2
Let f = 3 - 0. Suppose 0 = u - f - 0. What are the prime factors of u?
3
Suppose 7*i - 3*i - 40 = 0. List the prime factors of 14/i - (-9)/15.
2
Suppose -r + 3*o - 30 = 0, -r + 6*o - 36 = o. Let s(m) = -5*m**2 + 3*m - 3. Let c be s(3). Let j = r - c. What are the prime factors of j?
2, 3
Let q = -90 + 143. List the prime factors of q.
53
Let q(f) = f**2 + f - 5. Let m be q(3). Suppose 6*j + k - 2 = 3*j, 2*j = -2*k. Suppose j = x - m. What are the prime factors of x?
2
Let x be (-2)/((4/13)/(-4)). Let r = 35 - x. What are the prime factors of r?
3
Suppose 8*a = 584 - 168. What are the prime factors of a?
2, 13
Suppose -6*o - 20 = -11*o. What are the prime factors of o?
2
Suppose f + 16 = 5*f. Suppose -g = -3*i + 8, -30 = 4*g + f*i + 2. Let v = 11 + g. What are the prime factors of v?
3
What are the prime factors of (-8)/(-12)*(-333)/(-6)?
37
Suppose y - 31 = -0*y. Suppose 3*s - y = 20. List the prime factors of s.
17
Let w be 6/4 + 2/4. Let m be 0/(-1 + 4)*-1. Let d = w - m. What are the prime factors of d?
2
Let s = 15 + -3. List the prime factors of s.
2, 3
Let x(k) = k**3 - 7*k**2 + 2*k + 10. List the prime factors of x(9).
2, 5, 19
Suppose 5*p - 2 = -3*v, 0 = 4*p - 2*p + 4. Suppose -t = -v*t - 18. List the prime factors of (-2*4)/(t/9).
2, 3
Suppose 3*n - 42 = 3*f, 0 = 2*f + 2*n + 2*n + 22. Let a = 22 + f. List the prime factors of a.
3
What are the prime factors of (-12)/5*(1768/(-24) - 3)?
2, 23
Suppose 19 = 5*o + c, 0 = -o - 0*c - c + 7. Suppose -4*r + 38 = 6*n - n, -2*r + 24 = 3*n. Suppose -o*x = -2*x - n. What are the prime factors of x?
2, 5
Let u be (-3)/(-2)*(-4)/(-2). Suppose 2*h - 8 = -2*s, 7*s + 2*h = u*s + 10. Suppose 0 = -4*o + 4*b + 4, -3*o - 2*b + 29 = s. List the prime factors of o.
2, 3
Let c(z) = z**2 + z + 13. Suppose -5*y = -7*y. What are the prime factors of c(y)?
13
Suppose 0*a + 2*a - 15 = 3*h, -5*a + 41 = -4*h. What are the prime factors of a?
3
Let p(z) = -4*z - 3. List the prime factors of p(-3).
3
Let l(y) = y**3 - 7*y**2 - y - 9. Let n be l(7). Let c = -11 - n. Suppose 2*q + 3*t - 7*t - 6 = 0, 0 = -c*q + t + 60. List the prime factors of q.
13
Let u = 13 + -10. Suppose 0 = 2*a - u*a + 3. List the prime factors of a.
3
Suppose 5*h - 2*h - 106 = -f, 2*h - 3*f - 56 = 0. Suppose -5*r + 6 = -h. What are the prime factors of r?
2
Suppose 5*p - 3*t = -8*t + 80, -5*p + 59 = -2*t. Suppose -5*s = -5*h + p + 2, -5*h = 3*s - 23. Suppose 0 = b - h. List the prime factors of b.
2
Suppose 50 + 60 = 5*y. Let j = y + -10. What are the prime factors of j?
2, 3
Let y(h) = -h**3 + 2*h**2 - 6*h + 2. Let w be y(4). Let j = 32 + w. Let u = j + 34. What are th